by 132?
129
Calculate the remainder when 363 is divided by 14.
13
Calculate the remainder when 1396 is divided by 175.
171
Calculate the remainder when 1653 is divided by 92.
89
What is the remainder when 70 is divided by 56?
14
What is the remainder when 481 is divided by 235?
11
Calculate the remainder when 1847 is divided by 36.
11
Calculate the remainder when 79 is divided by 35.
9
Calculate the remainder when 84 is divided by 15.
9
Calculate the remainder when 5565 is divided by 116.
113
What is the remainder when 385 is divided by 373?
12
What is the remainder when 179 is divided by 172?
7
What is the remainder when 445 is divided by 157?
131
Calculate the remainder when 2742 is divided by 303.
15
Calculate the remainder when 1680 is divided by 18.
6
Calculate the remainder when 2159 is divided by 12.
11
What is the remainder when 1204 is divided by 110?
104
Calculate the remainder when 112 is divided by 19.
17
Calculate the remainder when 299 is divided by 61.
55
Calculate the remainder when 219 is divided by 124.
95
Calculate the remainder when 4229 is divided by 6.
5
Calculate the remainder when 529 is divided by 13.
9
Calculate the remainder when 1867 is divided by 17.
14
What is the remainder when 1265 is divided by 106?
99
Calculate the remainder when 57 is divided by 10.
7
What is the remainder when 101 is divided by 37?
27
What is the remainder when 189 is divided by 173?
16
What is the remainder when 132 is divided by 45?
42
Calculate the remainder when 285 is divided by 22.
21
Calculate the remainder when 1572 is divided by 25.
22
Calculate the remainder when 1176 is divided by 232.
16
Calculate the remainder when 1213 is divided by 136.
125
What is the remainder when 46 is divided by 8?
6
Calculate the remainder when 736 is divided by 181.
12
What is the remainder when 18 is divided by 8?
2
What is the remainder when 3986 is divided by 102?
8
Calculate the remainder when 2973 is divided by 990.
3
What is the remainder when 89 is divided by 49?
40
Calculate the remainder when 371 is divided by 31.
30
What is the remainder when 1150 is divided by 91?
58
Calculate the remainder when 1622 is divided by 25.
22
What is the remainder when 7391 is divided by 56?
55
What is the remainder when 4463 is divided by 18?
17
What is the remainder when 60311 is divided by 8?
7
Calculate the remainder when 799 is divided by 27.
16
Calculate the remainder when 245 is divided by 63.
56
Calculate the remainder when 474 is divided by 223.
28
What is the remainder when 222 is divided by 36?
6
Calculate the remainder when 184 is divided by 57.
13
What is the remainder when 2072 is divided by 13?
5
Calculate the remainder when 723 is divided by 42.
9
Calculate the remainder when 69 is divided by 41.
28
What is the remainder when 1610 is divided by 80?
10
Calculate the remainder when 2481 is divided by 34.
33
What is the remainder when 737 is divided by 134?
67
What is the remainder when 80 is divided by 23?
11
Calculate the remainder when 502 is divided by 14.
12
What is the remainder when 288 is divided by 39?
15
What is the remainder when 727 is divided by 7?
6
What is the remainder when 718 is divided by 144?
142
What is the remainder when 121 is divided by 38?
7
What is the remainder when 396 is divided by 19?
16
What is the remainder when 121 is divided by 44?
33
What is the remainder when 204 is divided by 14?
8
What is the remainder when 25 is divided by 11?
3
What is the remainder when 471 is divided by 81?
66
What is the remainder when 1107 is divided by 363?
18
What is the remainder when 568 is divided by 57?
55
What is the remainder when 442 is divided by 16?
10
What is the remainder when 3513 is divided by 252?
237
What is the remainder when 349 is divided by 87?
1
What is the remainder when 81 is divided by 41?
40
Calculate the remainder when 594 is divided by 120.
114
What is the remainder when 220 is divided by 14?
10
What is the remainder when 429 is divided by 264?
165
What is the remainder when 481 is divided by 35?
26
What is the remainder when 144 is divided by 50?
44
What is the remainder when 771 is divided by 156?
147
Calculate the remainder when 607 is divided by 44.
35
What is the remainder when 8621 is divided by 16?
13
Calculate the remainder when 1010 is divided by 31.
18
What is the remainder when 584 is divided by 52?
12
What is the remainder when 118 is divided by 55?
8
What is the remainder when 102 is divided by 48?
6
What is the remainder when 35 is divided by 21?
14
What is the remainder when 689 is divided by 69?
68
Calculate the remainder when 1108 is divided by 311.
175
Calculate the remainder when 698 is divided by 102.
86
Calculate the remainder when 143 is divided by 39.
26
Calculate the remainder when 426 is divided by 2.
0
Calculate the remainder when 589 is divided by 150.
139
What is the remainder when 2986 is divided by 11?
5
Calculate the remainder when 116 is divided by 15.
11
What is the remainder when 252 is divided by 91?
70
Calculate the remainder when 293 is divided by 8.
5
Calculate the remainder when 2226 is divided by 32.
18
Calculate the remainder when 13421 is divided by 8.
5
Calculate the remainder when 1564 is divided by 32.
28
What is the remainder when 317 is divided by 136?
45
Calculate the remainder when 80 is divided by 17.
12
Calculate the remainder when 945 is divided by 79.
76
Calculate the remainder when 394 is divided by 58.
46
Calculate the remainder when 45537 is divided by 396.
393
What is the remainder when 2104 is divided by 27?
25
What is the remainder when 299 is divided by 50?
49
Calculate the remainder when 2165 is divided by 648.
221
What is the remainder when 841 is divided by 13?
9
What is the remainder when 28414 is divided by 32?
30
Calculate the remainder when 136 is divided by 10.
6
What is the remainder when 1774 is divided by 362?
326
What is the remainder when 2658 is divided by 10?
8
What is the remainder when 731 is divided by 242?
5
Calculate the remainder when 109 is divided by 40.
29
What is the remainder when 454 is divided by 440?
14
Calculate the remainder when 96 is divided by 21.
12
What is the remainder when 284 is divided by 261?
23
Calculate the remainder when 48 is divided by 13.
9
What is the remainder when 62 is divided by 33?
29
What is the remainder when 19 is divided by 5?
4
Calculate the remainder when 584 is divided by 89.
50
What is the remainder when 476 is divided by 67?
7
Calculate the remainder when 220 is divided by 68.
16
Calculate the remainder when 5620 is divided by 67.
59
What is the remainder when 83 is divided by 71?
12
Calculate the remainder when 229 is divided by 58.
55
What is the remainder when 103 is divided by 18?
13
Calculate the remainder when 274 is divided by 20.
14
What is the remainder when 33 is divided by 9?
6
What is the remainder when 95 is divided by 12?
11
What is the remainder when 347 is divided by 70?
67
What is the remainder when 57 is divided by 10?
7
What is the remainder when 344 is divided by 169?
6
What is the remainder when 17300 is divided by 121?
118
Calculate the remainder when 187 is divided by 94.
93
Calculate the remainder when 160 is divided by 70.
20
Calculate the remainder when 6 is divided by 6.
0
Calculate the remainder when 135 is divided by 17.
16
Calculate the remainder when 205 is divided by 16.
13
What is the remainder when 1732 is divided by 31?
27
Calculate the remainder when 82 is divided by 24.
10
What is the remainder when 138 is divided by 40?
18
Calculate the remainder when 1799 is divided by 105.
14
Calculate the remainder when 32 is divided by 30.
2
What is the remainder when 857 is divided by 61?
3
Calculate the remainder when 226 is divided by 76.
74
Calculate the remainder when 96 is divided by 9.
6
What is the remainder when 7917 is divided by 44?
41
Calculate the remainder when 607 is divided by 36.
31
What is the remainder when 361 is divided by 39?
10
What is the remainder when 463 is divided by 18?
13
What is the remainder when 570 is divided by 44?
42
Calculate the remainder when 397 is divided by 24.
13
Calculate the remainder when 101 is divided by 89.
12
What is the remainder when 100 is divided by 26?
22
Calculate the remainder when 509 is divided by 16.
13
Ca